se 16, what is -2a + -43e90?
-43eba
In base 2, what is -1100110001101100 + -1110111100?
-1101000000101000
In base 14, what is -2481346 - -3?
-2481343
In base 7, what is -5 - 520635024?
-520635032
In base 2, what is -11111111001011010011 - -101111?
-11111111001010100100
In base 14, what is 5 + -5297b9?
-5297b4
In base 3, what is -12 + 22001200021111002?
22001200021110220
In base 2, what is 10 + 1110000001101110011010010101?
1110000001101110011010010111
In base 3, what is 2 + -1020110100010211?
-1020110100010202
In base 6, what is 2 - -122044013?
122044015
In base 15, what is -8edd + -82?
-9070
In base 15, what is -9a + -2be3d?
-2bed8
In base 11, what is 864241 - 2?
86423a
In base 2, what is -1101110101 + -1011010100001?
-1101000010110
In base 10, what is 3 + -202157116?
-202157113
In base 7, what is -22 - 23306624?
-23306646
In base 4, what is 3110 + -322320102?
-322310332
In base 11, what is 1a + -1a25348?
-1a25329
In base 9, what is 63 + 2514640?
2514713
In base 13, what is 0 + 4766c6?
4766c6
In base 3, what is -10221 + 12211112001?
12211101010
In base 7, what is 2 + 4203665610?
4203665612
In base 10, what is -2815 + -2408?
-5223
In base 15, what is 5 - -345b442?
345b447
In base 2, what is 1101111110011110101000 + -110?
1101111110011110100010
In base 16, what is 0 - -228f303?
228f303
In base 4, what is 202033301211 - -3?
202033301220
In base 2, what is -10100101010 - 10110010001000?
-11000110110010
In base 14, what is -13 - 611bb?
-611d0
In base 16, what is -6c + 1eead7?
1eea6b
In base 2, what is -10000000100010001 - -111011?
-10000000011010110
In base 5, what is -1342044304 + -4?
-1342044313
In base 7, what is -3355 + 61155?
54500
In base 13, what is -35 - 246a7a?
-246ab2
In base 4, what is 11311222232120 + 0?
11311222232120
In base 4, what is 102312312232 - 11?
102312312221
In base 15, what is 5 - 4670d41?
-4670d3b
In base 7, what is -3460 + 22634?
16144
In base 6, what is -113555413 + 3?
-113555410
In base 6, what is 225255131 + -10?
225255121
In base 8, what is 33042 - 143553?
-110511
In base 12, what is 8396 + -1bb6?
63a0
In base 6, what is 15543054 - -105?
15543203
In base 11, what is 282 + 1286613?
1286895
In base 2, what is 100001 - -11000000001001101?
11000000001101110
In base 16, what is 25b + ca0?
efb
In base 2, what is -1111100011 + 100000010111011001?
100000000111110110
In base 11, what is -20a7 + 9861?
7765
In base 8, what is 13247750 - 0?
13247750
In base 14, what is 2215c71 - 1?
2215c70
In base 15, what is -4ad + -261c6?
-26684
In base 8, what is 4 - 13135474?
-13135470
In base 14, what is 2257032 + 3?
2257035
In base 3, what is -12110 - 1212212201222?
-1212212221102
In base 14, what is -218aa - -aa4?
-20c06
In base 4, what is 2213033133223 + -10?
2213033133213
In base 6, what is 10452155 - -233?
10452432
In base 16, what is -1581d4 + fa?
-1580da
In base 5, what is -321 - 103140210?
-103141031
In base 4, what is 10 - -1323303122223?
1323303122233
In base 11, what is -4539 + -a976?
-14404
In base 10, what is 32402564 + 4?
32402568
In base 10, what is -5180960 + 1?
-5180959
In base 16, what is 0 - 2600acc?
-2600acc
In base 8, what is 53761 + -1460?
52301
In base 15, what is 2 + 2c7751?
2c7753
In base 4, what is 211022230331222 - -3?
211022230331231
In base 15, what is bba + -483?
737
In base 8, what is 172254557 - -4?
172254563
In base 16, what is 38ea - -23?
390d
In base 3, what is -22 - 1002202001?
-1002202100
In base 2, what is 1100 + -11111101100001001100?
-11111101100001000000
In base 16, what is 2686b2a7 + -2?
2686b2a5
In base 15, what is -1a8db4 - -4?
-1a8db0
In base 10, what is 852 - 16883?
-16031
In base 4, what is 2200 + 103300223332?
103300232132
In base 6, what is 133213 - -1412?
135025
In base 6, what is -1412204015 + 0?
-1412204015
In base 5, what is 1100421 + 11202?
1112123
In base 16, what is 1098ea + 12?
1098fc
In base 7, what is 502440242 - 10?
502440232
In base 9, what is 32481 - -2452?
35043
In base 4, what is -222130 - -130303133?
130021003
In base 7, what is 61435 + -663?
60442
In base 10, what is 2748 - 1307?
1441
In base 13, what is -22 - -2402943?
2402921
In base 13, what is 1601910 - -5?
1601915
In base 5, what is -40331433222 + 4?
-40331433213
In base 16, what is 92e - 422a?
-38fc
In base 6, what is 0 - 1202022550?
-1202022550
In base 9, what is 1055603 + -6?
1055586
In base 8, what is 300545511 - -7?
300545520
In base 9, what is 1307 + -43425?
-42117
In base 2, what is -10101011100101 - 101010111?
-10110000111100
In base 12, what is 3 - -31ab96a7?
31ab96aa
In base 2, what is 10010011001100 + 110010010110?
11000101100010
In base 16, what is -1 + -79484c0?
-79484c1
In base 2, what is 0 + -11001011101100010100011001?
-11001011101100010100011001
In base 10, what is 40 - -2032472?
2032512
In base 11, what is -7 + 203a28a6?
203a289a
In base 3, what is -1021201220122021 - 10?
-1021201220122101
In base 8, what is -64 + 77621?
77535
In base 11, what is -2705a25a - -3?
-2705a257
In base 4, what is -11130222131013 + 3?
-11130222131010
In base 10, what is 47931 - 380?
47551
In base 12, what is 113 + 8338?
844b
In base 2, what is -100000110010111001 + -10?
-100000110010111011
In base 14, what is 5a33 + -a98?
4d79
In base 16, what is 851e8 - 4?
851e4
In base 10, what is -176230 - -64?
-176166
In base 4, what is 110310 - -3101230?
3212200
In base 6, what is -2403 - -1050330?
1043523
In base 4, what is 12 - -201100132?
201100210
In base 14, what is 18 + -734c4?
-734aa
In base 12, what is -6074b9 - -b?
-6074aa
In base 7, what is 5 + 463512346?
463512354
In base 8, what is 2213 + -1064216?
-1062003
In base 6, what is 2540 + 13254450?
13301430
In base 2, what is 10 - 10000011010101001001000100100?
-10000011010101001001000100010
In base 10, what is 9559319 - 5?
9559314
In base 5, what is 1323444131 - 0?
1323444131
In base 16, what is 2 + 92a3fa?
92a3fc
In base 12, what is -6a84621 + -27?
-6a84648
In base 2, what is -1010110000110111111111000 + 10?
-1010110000110111111110110
In base 10, what is 86904 - -339?
87243
In base 2, what is 100100101001100010100011 + 111?
100100101001100010101010
In base 5, what is -110032201 + -333?
-110033034
In base 15, what is -66079 - 1?
-6607a
In base 13, what is 0 - 137a521?
-137a521
In base 9, what is 11 + -113258?
-113247
In base 9, what is 17567316 + -4?
17567312
In base 15, what is 5c91 + 101b?
6cac
In base 2, what is -111001101110011 + -110010100010?
-1000000000010101
In base 12, what is -2150 - 4a6?
-2636
In base 11, what is -57226a - 5?
-572274
In base 14, what is -48 - 477bc?
-47826
In base 2, what is 10001011111110 + 1001000000001?
11010011111111
In base 12, what is -1b3027 + b4b?
-1b2098
In base 11, what is -13076704 - 19?
-13076722
In base 7, what is 1 + 4013223354?
4013223355
In base 6, what is -53214 - 223?
-53441
In base 11, what is -18696 + -25?
-18710
In base 11, what is -2822aa7 + -60?
-2823057
In base 12, what is -188 + -34aa81?
-34b049
In base 4, what is 11 + 13211020200?
13211020211
In base 11, what is -108 + -19663?
-19770
In base 7, what is -260544241 + 11?
-260544230
In base 9, what is 84426774 - 21?
84426753
In base 14, what is -59d0b6 + -39?
-59d111
In base 15, what is -81 - 86b034?
-86b0b5
In base 6, what is 104433 - -1134510?
1243343
In base 8, what is -1145243 + -43?
-1145306
In base 3, what is -102010202 + -1001220010?
-1111000212
In base 4, what is -31203123 - 1311301?
-33121030
In base 7, what is 501 + 30221?
31022
In base 12, what is -8184a - -52?
-817b8
In base 5, what is 24034 - 12234?
11300
In base 4, what is 3301101 + 12202?
3313303
In base 14, what is -7588 + -1665?
-8c0d
In base 14, what is 7 - -1052?
1059
In base 8, what is 5 + 31274442?
31274447
In base 2, what is -101011011011 - -10011111101?
-10111011110
In base 10, what is 19 - 287561?
-287542
In base 11, what is 35593996 + 4?
3559399a
In base 2, what is -100111101110 - -111101001110?
10101100000
In base 5, what is -3 + 13102114342?
13102114334
In base 8, what is 507452 - -1261?
510733
In base 10, what is -580 - 354991?
-355571
In base 5, what is 424320021 + 1?
424320022
In base 15, what is 13b69c + -1b8?
13b4d4
In base 4, what is -1 + -122211002132?
-122211002133
In base 6, what is 1332 - -1201303?
1203035
In base 15, what is -5 - 872a63?
-872a68
In base 12, what is -18074734 - 2?
-18074736
